{"id":70,"date":"2021-05-10T08:21:25","date_gmt":"2021-05-10T06:21:25","guid":{"rendered":"http:\/\/evangeo.com\/villiers\/le-chateau-de-la-barrerie\/"},"modified":"2023-10-16T10:49:23","modified_gmt":"2023-10-16T08:49:23","slug":"le-chateau-de-la-barrerie","status":"publish","type":"page","link":"https:\/\/evangeo.com\/villiers\/le-chateau-de-la-barrerie\/","title":{"rendered":"Le \u00abCh\u00e2teau\u00bb de la Barrerie"},"content":{"rendered":"<img decoding=\"async\" style=\"width: 100%\" src=\"https:\/\/evangeo.com\/villiers\/wp-content\/uploads\/2022\/07\/11BD-petite-Barrerie.jpg\">\n<p><\/p>\n\n\n\n<p>Dress\u00e9 sur les ruines d\u2019une masure dont il subsiste une cuisine aux poutres apparentes, le ch\u00e2teau de la Grande Barrerie a \u00e9t\u00e9 \u00e9difi\u00e9 dans le dernier quart du XIXe si\u00e8cle sur le coteau de la vall\u00e9e Bonnard.&nbsp;<\/p>\n\n\n\n<p>Il t\u00e9moigne de l\u2019engouement pour la vill\u00e9giature permise par l\u2019arriv\u00e9e du train \u00e0 Gif en 1867.&nbsp;<\/p>\n\n\n\n<p>Avec ses tourelles \u00e0 toit conique et ses fantaisies architecturales (\u00e9pis de fa\u00eetage, cr\u00eate de toit \u00e0 crochets et fleurons, lucarnes \u00e0 g\u00e2bles, linteaux en enfilade), son architecture est typique du n\u00e9o gothique en vogue \u00e0 la fin du XIXe.&nbsp;<\/p>\n\n\n\n<p>Initialement, les habitations situ\u00e9es de part et d\u2019autre du ch\u00e2teau faisaient partie de la propri\u00e9t\u00e9 et logeaient le personnel : on note les similitudes des portails de fer forg\u00e9 \u00ab modern style \u00bb.&nbsp;<\/p>\n\n\n\n<p>Louis Renault prit en location le ch\u00e2teau&nbsp; et y passa beaucoup de temps avec sa ma\u00eetresse, la cantatrice Jeanne Hatto, jusqu\u2019en&nbsp;1906.&nbsp;<\/p>\n\n\n\n<p>Sur les hauteurs, se trouvent les vestiges d\u2019un th\u00e9\u00e2tre de verdure et un groupe de statues de lions, sign\u00e9 du sculpteur animalier Louis Rich\u00e9.&nbsp;Durant la seconde guerre mondiale, des soldats des diff\u00e9rentes arm\u00e9es qui occupent le ch\u00e2teau ont pris pour cible les girouettes de zinc de la toiture, ainsi que les m\u00e2choires des statues de lions. Les impacts des balles subsistent.&nbsp;<\/p>\n\n\n\n<p>Le ch\u00e2teau est une propri\u00e9t\u00e9 priv\u00e9e, dans la m\u00eame famille depuis 1963.&nbsp;<\/p>\n","protected":false},"excerpt":{"rendered":"<p>Dress\u00e9 sur les ruines d\u2019une masure dont il subsiste une cuisine aux poutres apparentes, le ch\u00e2teau de la Grande Barrerie a \u00e9t\u00e9 \u00e9difi\u00e9 dans le dernier quart du XIXe si\u00e8cle sur le coteau de&#46;&#46;&#46;<\/p>\n","protected":false},"author":1,"featured_media":724,"parent":0,"menu_order":0,"comment_status":"closed","ping_status":"closed","template":"","meta":{"_acf_changed":false,"footnotes":""},"categories":[],"tags":[],"class_list":["post-70","page","type-page","status-publish","has-post-thumbnail","hentry"],"acf":[],"_links":{"self":[{"href":"https:\/\/evangeo.com\/villiers\/wp-json\/wp\/v2\/pages\/70","targetHints":{"allow":["GET"]}}],"collection":[{"href":"https:\/\/evangeo.com\/villiers\/wp-json\/wp\/v2\/pages"}],"about":[{"href":"https:\/\/evangeo.com\/villiers\/wp-json\/wp\/v2\/types\/page"}],"author":[{"embeddable":true,"href":"https:\/\/evangeo.com\/villiers\/wp-json\/wp\/v2\/users\/1"}],"replies":[{"embeddable":true,"href":"https:\/\/evangeo.com\/villiers\/wp-json\/wp\/v2\/comments?post=70"}],"version-history":[{"count":10,"href":"https:\/\/evangeo.com\/villiers\/wp-json\/wp\/v2\/pages\/70\/revisions"}],"predecessor-version":[{"id":727,"href":"https:\/\/evangeo.com\/villiers\/wp-json\/wp\/v2\/pages\/70\/revisions\/727"}],"wp:featuredmedia":[{"embeddable":true,"href":"https:\/\/evangeo.com\/villiers\/wp-json\/wp\/v2\/media\/724"}],"wp:attachment":[{"href":"https:\/\/evangeo.com\/villiers\/wp-json\/wp\/v2\/media?parent=70"}],"wp:term":[{"taxonomy":"category","embeddable":true,"href":"https:\/\/evangeo.com\/villiers\/wp-json\/wp\/v2\/categories?post=70"},{"taxonomy":"post_tag","embeddable":true,"href":"https:\/\/evangeo.com\/villiers\/wp-json\/wp\/v2\/tags?post=70"}],"curies":[{"name":"wp","href":"https:\/\/api.w.org\/{rel}","templated":true}]}}