{"id":67,"date":"2021-05-10T08:21:04","date_gmt":"2021-05-10T06:21:04","guid":{"rendered":"http:\/\/evangeo.com\/villiers\/le-mesnil-blondel\/"},"modified":"2023-10-16T10:50:19","modified_gmt":"2023-10-16T08:50:19","slug":"le-mesnil-blondel","status":"publish","type":"page","link":"https:\/\/evangeo.com\/villiers\/le-mesnil-blondel\/","title":{"rendered":"Le Mesnil Blondel"},"content":{"rendered":"<img decoding=\"async\" style=\"width: 100%\" src=\"https:\/\/evangeo.com\/villiers\/wp-content\/uploads\/2022\/07\/8BD-Mesnil-Blondel.jpg\">\n<p>&nbsp;<\/p>\n\n\n\n<p><\/p>\n\n\n\n<p>Au niveau des premi\u00e8res habitations du Mesnil Blondel, le triangle d\u00e9limit\u00e9 par la rigole de Saint-Aubin, la rue de la Rigole aux Biches et la rue du Pr\u00e9 Vert forme une petite excroissance appartenant \u00e0 Villiers-le-B\u00e2cle.&nbsp; <\/p>\n\n\n\n<p>Cette \u00e9tranget\u00e9 trouve probablement son origine dans un \u00e9change de 5 quartiers de terre labourable sis au Mesnil Blondel&nbsp;contre 3 quartiers et demi ou environ situ\u00e9s dans la vall\u00e9e, \u00e0 Villiers, effectu\u00e9 en mai 1604 entre le seigneur de Villiers-le-B\u00e2cle et un marchand demeurant au Mesnil Blondel.<\/p>\n\n\n\n<p><\/p>\n","protected":false},"excerpt":{"rendered":"<p>&nbsp; Au niveau des premi\u00e8res habitations du Mesnil Blondel, le triangle d\u00e9limit\u00e9 par la rigole de Saint-Aubin, la rue de la Rigole aux Biches et la rue du Pr\u00e9 Vert forme une petite excroissance&#46;&#46;&#46;<\/p>\n","protected":false},"author":1,"featured_media":720,"parent":0,"menu_order":0,"comment_status":"closed","ping_status":"closed","template":"","meta":{"_acf_changed":false,"footnotes":""},"categories":[],"tags":[37],"class_list":["post-67","page","type-page","status-publish","has-post-thumbnail","hentry","tag-decouverte-villiers-circuit-1"],"acf":[],"_links":{"self":[{"href":"https:\/\/evangeo.com\/villiers\/wp-json\/wp\/v2\/pages\/67","targetHints":{"allow":["GET"]}}],"collection":[{"href":"https:\/\/evangeo.com\/villiers\/wp-json\/wp\/v2\/pages"}],"about":[{"href":"https:\/\/evangeo.com\/villiers\/wp-json\/wp\/v2\/types\/page"}],"author":[{"embeddable":true,"href":"https:\/\/evangeo.com\/villiers\/wp-json\/wp\/v2\/users\/1"}],"replies":[{"embeddable":true,"href":"https:\/\/evangeo.com\/villiers\/wp-json\/wp\/v2\/comments?post=67"}],"version-history":[{"count":15,"href":"https:\/\/evangeo.com\/villiers\/wp-json\/wp\/v2\/pages\/67\/revisions"}],"predecessor-version":[{"id":764,"href":"https:\/\/evangeo.com\/villiers\/wp-json\/wp\/v2\/pages\/67\/revisions\/764"}],"wp:featuredmedia":[{"embeddable":true,"href":"https:\/\/evangeo.com\/villiers\/wp-json\/wp\/v2\/media\/720"}],"wp:attachment":[{"href":"https:\/\/evangeo.com\/villiers\/wp-json\/wp\/v2\/media?parent=67"}],"wp:term":[{"taxonomy":"category","embeddable":true,"href":"https:\/\/evangeo.com\/villiers\/wp-json\/wp\/v2\/categories?post=67"},{"taxonomy":"post_tag","embeddable":true,"href":"https:\/\/evangeo.com\/villiers\/wp-json\/wp\/v2\/tags?post=67"}],"curies":[{"name":"wp","href":"https:\/\/api.w.org\/{rel}","templated":true}]}}